{"id":80,"date":"2014-05-12T20:41:32","date_gmt":"2014-05-12T18:41:32","guid":{"rendered":"http:\/\/ski-hartkirchen.com\/?page_id=80"},"modified":"2025-10-17T21:50:59","modified_gmt":"2025-10-17T19:50:59","slug":"skistall","status":"publish","type":"page","link":"https:\/\/ski-hartkirchen.com\/?page_id=80","title":{"rendered":"Skistall"},"content":{"rendered":"<h3 style=\"color: #2c2c2c; text-align: left;\">SERVICE RUND UMS WINTERSPORTGER\u00c4T.<\/h3>\n<h3 style=\"color: #2c2c2c;\"><span style=\"background-color: #ffff99;\">Unser Skistall ist f\u00fcr alle Vereinsmitglieder ab<br \/>\nFreitag, 28. November 2025 bis Freitag 27. Februar 2026 ge\u00f6ffnet.<\/span><\/h3>\n<p style=\"color: #2c2c2c;\"><strong><span class=\"a_GcMg font-feature-liga-off font-feature-clig-off font-feature-calt-off text-decoration-none text-strikethrough-none\" style=\"color: #ff0000;\">In den Ferien, am 26.12.2025 &amp; am 20.02.2026 ist der Schistall geschlossen<\/span><\/strong><\/p>\n<p>Unser Skistall befindet sich im alten Feuerwehrzeughaus\u00a0hinter dem Gemeindeamt. Der Eingang in unsere\u00a0Ski-Werkstatt befindet sich gegen\u00fcber dem Turnhallenzugang.<\/p>\n<p style=\"color: #2c2c2c;\">Es werden dort die Servicearbeiten an den Schiern unserer Mitglieder durchgef\u00fchrt. Unsere ausgebildeten Instruktoren und Servicehelfer bieten auch heuer wieder ein spezielles Schi-Tuning an!<\/p>\n<p style=\"color: #2c2c2c;\">N\u00e4here Infos bzgl. eventueller Wartezeiten bei einem Total-Service der Schi erhalten Sie im Skistall!<\/p>\n<h3 style=\"color: #2c2c2c;\">\u00d6ffnungszeiten:<br \/>\njeden Freitag von 15.30 bis 19.00 Uhr<\/h3>\n","protected":false},"excerpt":{"rendered":"<p>SERVICE RUND UMS WINTERSPORTGER\u00c4T. Unser Skistall ist f\u00fcr alle Vereinsmitglieder ab Freitag, 28. November 2025 bis Freitag 27. Februar 2026 ge\u00f6ffnet. In den Ferien, am 26.12.2025 &amp; am 20.02.2026 ist &#8230;<\/p>\n","protected":false},"author":1,"featured_media":0,"parent":0,"menu_order":0,"comment_status":"closed","ping_status":"closed","template":"","meta":{"footnotes":""},"class_list":["post-80","page","type-page","status-publish","hentry"],"_links":{"self":[{"href":"https:\/\/ski-hartkirchen.com\/index.php?rest_route=\/wp\/v2\/pages\/80","targetHints":{"allow":["GET"]}}],"collection":[{"href":"https:\/\/ski-hartkirchen.com\/index.php?rest_route=\/wp\/v2\/pages"}],"about":[{"href":"https:\/\/ski-hartkirchen.com\/index.php?rest_route=\/wp\/v2\/types\/page"}],"author":[{"embeddable":true,"href":"https:\/\/ski-hartkirchen.com\/index.php?rest_route=\/wp\/v2\/users\/1"}],"replies":[{"embeddable":true,"href":"https:\/\/ski-hartkirchen.com\/index.php?rest_route=%2Fwp%2Fv2%2Fcomments&post=80"}],"version-history":[{"count":26,"href":"https:\/\/ski-hartkirchen.com\/index.php?rest_route=\/wp\/v2\/pages\/80\/revisions"}],"predecessor-version":[{"id":3641,"href":"https:\/\/ski-hartkirchen.com\/index.php?rest_route=\/wp\/v2\/pages\/80\/revisions\/3641"}],"wp:attachment":[{"href":"https:\/\/ski-hartkirchen.com\/index.php?rest_route=%2Fwp%2Fv2%2Fmedia&parent=80"}],"curies":[{"name":"wp","href":"https:\/\/api.w.org\/{rel}","templated":true}]}}