{"id":3580,"date":"2025-01-01T21:15:18","date_gmt":"2025-01-01T20:15:18","guid":{"rendered":"https:\/\/ski-hartkirchen.com\/?page_id=3580"},"modified":"2025-10-17T21:35:14","modified_gmt":"2025-10-17T19:35:14","slug":"kinder-schnee-tage","status":"publish","type":"page","link":"https:\/\/ski-hartkirchen.com\/?page_id=3580","title":{"rendered":"KINDER-SCHNEE-TAGE"},"content":{"rendered":"\n<h1><span style=\"color: #000000;\">Termin 1: Samstag 10. J\u00e4nner 2026<\/span><\/h1>\n<h1><span style=\"color: #000000;\">Termin 2: Samstag 31. J\u00e4nner 2026<\/span><\/h1>\n<p>\u00a0<\/p>\n<h3><span style=\"color: #000000;\">F\u00fcr skibegeisterte Kinder im Alter von 6-14 Jahren die bereits die ersten Schw\u00fcnge erlernt haben. (kein Anf\u00e4ngerkurs!)<\/span><\/h3>\n<p><span style=\"color: #000000;\">Teilnahmeberechtigt sind Kinder im Alter von 6-14 Jahren, die im flachen Gel\u00e4nde (blaue Pisten) die parallele Skif\u00fchrung (Carven) beherschen und selbstst\u00e4ndig alle Pisten (auch schwarze) meistern k\u00f6nnen. \u00d6SV-Vereinsmitgliedschaft wird vorausgesetzt!<\/span><\/p>\n<p><span style=\"color: #000000;\">Unsere Kinderschneetage werden auf Vereinsbasis mit bestm\u00f6glicher Qualit\u00e4t durchgef\u00fchrt.<\/span><br \/><span style=\"color: #000000;\">Top ausgebildete Instruktoren sorgen, bei einer Gruppengr\u00f6\u00dfe von max. 7 Personen, f\u00fcr das Wohl der Kinder.<\/span><\/p>\n<table style=\"width: 100%;\">\n<tbody>\n<tr>\n<td style=\"width: 12.1429%;\"><span style=\"color: #000000;\">Ort<\/span><\/td>\n<td style=\"width: 87.7381%;\"><span style=\"color: #000000;\">Hochficht \/ B\u00f6hmerwald (Voraussetzung alle Pisten s\u00e4mtlicher Schwierigkeitsgrade k\u00f6nnen befahren werden)<\/span><\/td>\n<\/tr>\n<tr>\n<td style=\"width: 12.1429%;\"><span style=\"color: #000000;\">Pauschalpreis<\/span><\/td>\n<td style=\"width: 87.7381%;\"><span style=\"color: #000000;\">55,- EURO (inkl. Transport, Lift, Kurs und Betreuung)\u00a0<\/span><br \/><span style=\"color: #000000;\">Mittagessen ist selbst zu bezahlen (den Kindern bitte etwas Bargeld mitgeben)<\/span><\/td>\n<\/tr>\n<tr>\n<td style=\"width: 12.1429%;\"><span style=\"color: #000000;\">Abfahrt<\/span><\/td>\n<td style=\"width: 87.7381%;\"><span style=\"color: #000000;\">Um 7.15 Uhr bei unserem Skistall in Hartkirchen.<\/span><\/td>\n<\/tr>\n<tr>\n<td style=\"width: 12.1429%;\"><span style=\"color: #000000;\">Ankunft<\/span><\/td>\n<td style=\"width: 87.7381%;\"><span style=\"color: #000000;\">ca. um 16:15 Uhr<\/span><br \/><span style=\"color: #000000;\">(bitte nicht b\u00f6se sein wenn wir nicht p\u00fcnktlich sind)<\/span><\/td>\n<\/tr>\n<\/tbody>\n<\/table>\n<p><span style=\"color: #000000; background-color: #ffff00;\">Leitung, Anmeldung und Info: Alexander Zach <span class=\"a_GcMg font-feature-liga-off font-feature-clig-off font-feature-calt-off text-decoration-none text-strikethrough-none\">\u2022 <\/span><span class=\"a_GcMg font-feature-liga-off font-feature-clig-off font-feature-calt-off text-decoration-none text-strikethrough-none\">0650 \/ 8447065<\/span><\/span><\/p>\n<p><span style=\"color: #000000;\">Unsere Bankverbindung:<\/span><br \/><span style=\"color: #000000;\">RAIKA REGION EFERDING -BS HARTKIRCHEN<\/span><br \/><span style=\"color: #000000;\">IBAN: AT433418000001417898<\/span><br \/><span style=\"color: #000000;\">BIC: RZOOAT2L180<\/span><br \/><span style=\"color: #000000;\">(bitte den Namen des Kindes + Kinderschneetag 1 oder 2 angeben, damit wir die Zahlung zuweisen k\u00f6nnen)<\/span><\/p>\n<hr \/>\n<p><span style=\"color: #000000;\">WICHTIGE INFORMATIONEN:<\/span><\/p>\n<ul>\n<li><span style=\"color: #000000;\">Bei Selbstanreise bleiben die Kurskosten gleich<\/span><\/li>\n<\/ul>\n","protected":false},"excerpt":{"rendered":"<p>Termin 1: Samstag 10. J\u00e4nner 2026 Termin 2: Samstag 31. J\u00e4nner 2026 \u00a0 F\u00fcr skibegeisterte Kinder im Alter von 6-14 Jahren die bereits die ersten Schw\u00fcnge erlernt haben. (kein Anf\u00e4ngerkurs!) &#8230;<\/p>\n","protected":false},"author":1,"featured_media":0,"parent":18,"menu_order":0,"comment_status":"closed","ping_status":"closed","template":"","meta":{"footnotes":""},"class_list":["post-3580","page","type-page","status-publish","hentry"],"_links":{"self":[{"href":"https:\/\/ski-hartkirchen.com\/index.php?rest_route=\/wp\/v2\/pages\/3580","targetHints":{"allow":["GET"]}}],"collection":[{"href":"https:\/\/ski-hartkirchen.com\/index.php?rest_route=\/wp\/v2\/pages"}],"about":[{"href":"https:\/\/ski-hartkirchen.com\/index.php?rest_route=\/wp\/v2\/types\/page"}],"author":[{"embeddable":true,"href":"https:\/\/ski-hartkirchen.com\/index.php?rest_route=\/wp\/v2\/users\/1"}],"replies":[{"embeddable":true,"href":"https:\/\/ski-hartkirchen.com\/index.php?rest_route=%2Fwp%2Fv2%2Fcomments&post=3580"}],"version-history":[{"count":3,"href":"https:\/\/ski-hartkirchen.com\/index.php?rest_route=\/wp\/v2\/pages\/3580\/revisions"}],"predecessor-version":[{"id":3629,"href":"https:\/\/ski-hartkirchen.com\/index.php?rest_route=\/wp\/v2\/pages\/3580\/revisions\/3629"}],"up":[{"embeddable":true,"href":"https:\/\/ski-hartkirchen.com\/index.php?rest_route=\/wp\/v2\/pages\/18"}],"wp:attachment":[{"href":"https:\/\/ski-hartkirchen.com\/index.php?rest_route=%2Fwp%2Fv2%2Fmedia&parent=3580"}],"curies":[{"name":"wp","href":"https:\/\/api.w.org\/{rel}","templated":true}]}}