{"id":2988,"date":"2021-08-23T19:32:20","date_gmt":"2021-08-23T17:32:20","guid":{"rendered":"http:\/\/ski-hartkirchen.com\/?page_id=2988"},"modified":"2025-10-17T21:39:23","modified_gmt":"2025-10-17T19:39:23","slug":"skikindergarten-schneewoelfe","status":"publish","type":"page","link":"https:\/\/ski-hartkirchen.com\/?page_id=2988","title":{"rendered":"Skikindergarten Schneew\u00f6lfe"},"content":{"rendered":"\n<p><span style=\"color: #000000;\">Sobald unsere Lifte am Brandtner ge\u00f6ffnet sind bieten wir auch dieses Saison wieder unsere beliebten Schneew\u00f6lfe an.\u00a0<br \/><\/span><\/p>\n<div class=\"page\" title=\"Page 17\">\n<div class=\"layoutArea\">\n<div class=\"column\">\n<p><span style=\"color: #000000;\">Kinder ab 4 Jahren ko\u0308nnen von den Eltern fu\u0308r die Dauer des stundenweisen Kurses bei der U\u0308bungswiese 10 Minuten vor Kursbeginn abgegeben werden.<\/span><\/p>\n<\/div>\n<\/div>\n<\/div>\n<p><span style=\"color: #000000;\">\u00a0<\/span><\/p>\n<p><span style=\"color: #000000;\">Kurszeiten:<\/span><\/p>\n<p><span style=\"color: #000000;\">Samstag: 10:00 &#8211; 12:00 Uhr<\/span><br \/><span style=\"color: #000000;\">Samstag: 13:00 &#8211; 15:00 Uhr<\/span><\/p>\n<p><span style=\"color: #000000;\">Sonntag: 13:00 &#8211; 15:00 Uhr<\/span><\/p>\n<p>\u00a0<\/p>\n<h3 style=\"color: #0a557c;\"><span style=\"color: #000000;\"><br \/>Kosten:<\/span><\/h3>\n<p><span style=\"color: #000000;\">Euro 12,50 \/ Stunde \/ Kind<br \/>Wir d\u00fcrfen nur Vereinsmitglieder unterrichten, daher ist eine Minimitgliedschaft (Kosten siehe unten) oder eine vollwertige Mitgliedschaft beim Skiclub Raika Hartkirchen notwendig.<\/span><\/p>\n<h3 style=\"color: #0a557c;\"><span style=\"color: #000000;\">Anmeldung:<\/span><\/h3>\n<p><span style=\"color: #000000;\">Sie k\u00f6nnen Ihr Kind via unser Schneewolf-Telefon anmelden (Jan Lindenberger):<\/span><\/p>\n<h3 style=\"color: #0a557c;\"><span style=\"color: #000000;\">Tel: 0650 \/ 77 87 959<\/span><br \/><span style=\"color: #000000;\"> Mo. bis Mi. 16.00 bis 18.00 Uhr<\/span><\/h3>\n<p><span style=\"color: #000000;\">MINIMITGLIEDSCHAFT:\u00a0<\/span><br style=\"color: #2c2c2c;\" \/><span style=\"color: #000000;\">Minimitgliedschaft (ohne \u00d6SV) nur f\u00fcr Kinder im Zusammenhang des Skikindergartens m\u00f6glich. <br \/>Einmalkosten \u20ac 10 Euro pro Saison.<br \/>Vorteile:<\/span><br style=\"color: #2c2c2c;\" \/><span style=\"color: #000000;\">Verbilligte Liftkarte beim Heinz Fritz Kinderlift und Schlepplift!\u00a0<\/span><br style=\"color: #2c2c2c;\" \/><span style=\"color: #000000;\">Mitgliedskarten f\u00fcr Minimitgliedschaft <\/span><span style=\"color: #000000;\">werden vor Ort bearbeitet und den Kindern sofort nach Ausstellung mitgegeben.<\/span><\/p>\n<h3><span style=\"color: #000000;\"><br \/>Auf dein Kommen freuen sich die Betreuer des ASV\u00d6 SKICLUB RAIKA HARTKIRCHEN.<\/span><\/h3>\n","protected":false},"excerpt":{"rendered":"<p>Sobald unsere Lifte am Brandtner ge\u00f6ffnet sind bieten wir auch dieses Saison wieder unsere beliebten Schneew\u00f6lfe an.\u00a0 Kinder ab 4 Jahren ko\u0308nnen von den Eltern fu\u0308r die Dauer des stundenweisen &#8230;<\/p>\n","protected":false},"author":1,"featured_media":0,"parent":18,"menu_order":0,"comment_status":"closed","ping_status":"closed","template":"","meta":{"footnotes":""},"class_list":["post-2988","page","type-page","status-publish","hentry"],"_links":{"self":[{"href":"https:\/\/ski-hartkirchen.com\/index.php?rest_route=\/wp\/v2\/pages\/2988","targetHints":{"allow":["GET"]}}],"collection":[{"href":"https:\/\/ski-hartkirchen.com\/index.php?rest_route=\/wp\/v2\/pages"}],"about":[{"href":"https:\/\/ski-hartkirchen.com\/index.php?rest_route=\/wp\/v2\/types\/page"}],"author":[{"embeddable":true,"href":"https:\/\/ski-hartkirchen.com\/index.php?rest_route=\/wp\/v2\/users\/1"}],"replies":[{"embeddable":true,"href":"https:\/\/ski-hartkirchen.com\/index.php?rest_route=%2Fwp%2Fv2%2Fcomments&post=2988"}],"version-history":[{"count":9,"href":"https:\/\/ski-hartkirchen.com\/index.php?rest_route=\/wp\/v2\/pages\/2988\/revisions"}],"predecessor-version":[{"id":3632,"href":"https:\/\/ski-hartkirchen.com\/index.php?rest_route=\/wp\/v2\/pages\/2988\/revisions\/3632"}],"up":[{"embeddable":true,"href":"https:\/\/ski-hartkirchen.com\/index.php?rest_route=\/wp\/v2\/pages\/18"}],"wp:attachment":[{"href":"https:\/\/ski-hartkirchen.com\/index.php?rest_route=%2Fwp%2Fv2%2Fmedia&parent=2988"}],"curies":[{"name":"wp","href":"https:\/\/api.w.org\/{rel}","templated":true}]}}